{"id":61,"date":"2021-08-19T17:24:41","date_gmt":"2021-08-19T17:24:41","guid":{"rendered":"http:\/\/sk-praga.cz\/zavody\/tis2022\/?page_id=61"},"modified":"2021-08-30T16:59:13","modified_gmt":"2021-08-30T16:59:13","slug":"fotky-z-terenu","status":"publish","type":"page","link":"https:\/\/sk-praga.cz\/zavody\/tis2022\/fotky\/fotky-z-terenu\/","title":{"rendered":"Fotky z ter\u00e9nu"},"content":{"rendered":"\n<div id=\"fotky-teren\" class=\"wp-block-group\"><div class=\"wp-block-group__inner-container is-layout-flow wp-block-group-is-layout-flow\">\n<figure class=\"wp-block-gallery columns-3 is-cropped wp-block-gallery-1 is-layout-flex wp-block-gallery-is-layout-flex\"><ul class=\"blocks-gallery-grid\"><li class=\"blocks-gallery-item\"><figure><img loading=\"lazy\" decoding=\"async\" width=\"768\" height=\"432\" src=\"http:\/\/sk-praga.cz\/zavody\/tis2022\/wp-content\/uploads\/2021\/08\/1-1-768x432-1.jpg\" alt=\"\" data-id=\"239\" data-full-url=\"http:\/\/sk-praga.cz\/zavody\/tis2022\/wp-content\/uploads\/2021\/08\/1-1-768x432-1.jpg\" data-link=\"http:\/\/sk-praga.cz\/zavody\/tis2022\/fotky\/fotky-z-terenu\/1-1-768x432-1\/\" class=\"wp-image-239\" srcset=\"https:\/\/sk-praga.cz\/zavody\/tis2022\/wp-content\/uploads\/2021\/08\/1-1-768x432-1.jpg 768w, https:\/\/sk-praga.cz\/zavody\/tis2022\/wp-content\/uploads\/2021\/08\/1-1-768x432-1-300x169.jpg 300w\" sizes=\"auto, (max-width: 706px) 89vw, (max-width: 767px) 82vw, 740px\" \/><\/figure><\/li><li class=\"blocks-gallery-item\"><figure><img loading=\"lazy\" decoding=\"async\" width=\"768\" height=\"432\" src=\"http:\/\/sk-praga.cz\/zavody\/tis2022\/wp-content\/uploads\/2021\/08\/5-1-768x432-1.jpg\" alt=\"\" data-id=\"241\" data-full-url=\"http:\/\/sk-praga.cz\/zavody\/tis2022\/wp-content\/uploads\/2021\/08\/5-1-768x432-1.jpg\" data-link=\"http:\/\/sk-praga.cz\/zavody\/tis2022\/fotky\/fotky-z-terenu\/5-1-768x432-1\/\" class=\"wp-image-241\" srcset=\"https:\/\/sk-praga.cz\/zavody\/tis2022\/wp-content\/uploads\/2021\/08\/5-1-768x432-1.jpg 768w, https:\/\/sk-praga.cz\/zavody\/tis2022\/wp-content\/uploads\/2021\/08\/5-1-768x432-1-300x169.jpg 300w\" sizes=\"auto, (max-width: 706px) 89vw, (max-width: 767px) 82vw, 740px\" \/><\/figure><\/li><li class=\"blocks-gallery-item\"><figure><img loading=\"lazy\" decoding=\"async\" width=\"768\" height=\"432\" src=\"http:\/\/sk-praga.cz\/zavody\/tis2022\/wp-content\/uploads\/2021\/08\/10-768x432-1.jpg\" alt=\"\" data-id=\"243\" data-full-url=\"http:\/\/sk-praga.cz\/zavody\/tis2022\/wp-content\/uploads\/2021\/08\/10-768x432-1.jpg\" data-link=\"http:\/\/sk-praga.cz\/zavody\/tis2022\/fotky\/fotky-z-terenu\/10-768x432-1\/\" class=\"wp-image-243\" srcset=\"https:\/\/sk-praga.cz\/zavody\/tis2022\/wp-content\/uploads\/2021\/08\/10-768x432-1.jpg 768w, https:\/\/sk-praga.cz\/zavody\/tis2022\/wp-content\/uploads\/2021\/08\/10-768x432-1-300x169.jpg 300w\" sizes=\"auto, (max-width: 706px) 89vw, (max-width: 767px) 82vw, 740px\" \/><\/figure><\/li><li class=\"blocks-gallery-item\"><figure><img loading=\"lazy\" decoding=\"async\" width=\"768\" height=\"432\" src=\"http:\/\/sk-praga.cz\/zavody\/tis2022\/wp-content\/uploads\/2021\/08\/12-768x432-1.jpg\" alt=\"\" data-id=\"245\" data-full-url=\"http:\/\/sk-praga.cz\/zavody\/tis2022\/wp-content\/uploads\/2021\/08\/12-768x432-1.jpg\" data-link=\"http:\/\/sk-praga.cz\/zavody\/tis2022\/fotky\/fotky-z-terenu\/12-768x432-1\/\" class=\"wp-image-245\" srcset=\"https:\/\/sk-praga.cz\/zavody\/tis2022\/wp-content\/uploads\/2021\/08\/12-768x432-1.jpg 768w, https:\/\/sk-praga.cz\/zavody\/tis2022\/wp-content\/uploads\/2021\/08\/12-768x432-1-300x169.jpg 300w\" sizes=\"auto, (max-width: 706px) 89vw, (max-width: 767px) 82vw, 740px\" \/><\/figure><\/li><li class=\"blocks-gallery-item\"><figure><img loading=\"lazy\" decoding=\"async\" width=\"768\" height=\"432\" src=\"http:\/\/sk-praga.cz\/zavody\/tis2022\/wp-content\/uploads\/2021\/08\/7-1-768x432-1.jpg\" alt=\"\" data-id=\"242\" data-full-url=\"http:\/\/sk-praga.cz\/zavody\/tis2022\/wp-content\/uploads\/2021\/08\/7-1-768x432-1.jpg\" data-link=\"http:\/\/sk-praga.cz\/zavody\/tis2022\/fotky\/fotky-z-terenu\/7-1-768x432-1\/\" class=\"wp-image-242\" srcset=\"https:\/\/sk-praga.cz\/zavody\/tis2022\/wp-content\/uploads\/2021\/08\/7-1-768x432-1.jpg 768w, https:\/\/sk-praga.cz\/zavody\/tis2022\/wp-content\/uploads\/2021\/08\/7-1-768x432-1-300x169.jpg 300w\" sizes=\"auto, (max-width: 706px) 89vw, (max-width: 767px) 82vw, 740px\" \/><\/figure><\/li><li class=\"blocks-gallery-item\"><figure><img loading=\"lazy\" decoding=\"async\" width=\"768\" height=\"432\" src=\"http:\/\/sk-praga.cz\/zavody\/tis2022\/wp-content\/uploads\/2021\/08\/11-1-768x432-1.jpg\" alt=\"\" data-id=\"244\" data-full-url=\"http:\/\/sk-praga.cz\/zavody\/tis2022\/wp-content\/uploads\/2021\/08\/11-1-768x432-1.jpg\" data-link=\"http:\/\/sk-praga.cz\/zavody\/tis2022\/fotky\/fotky-z-terenu\/11-1-768x432-1\/\" class=\"wp-image-244\" srcset=\"https:\/\/sk-praga.cz\/zavody\/tis2022\/wp-content\/uploads\/2021\/08\/11-1-768x432-1.jpg 768w, https:\/\/sk-praga.cz\/zavody\/tis2022\/wp-content\/uploads\/2021\/08\/11-1-768x432-1-300x169.jpg 300w\" sizes=\"auto, (max-width: 706px) 89vw, (max-width: 767px) 82vw, 740px\" \/><\/figure><\/li><\/ul><\/figure>\n<\/div><\/div>\n\n\n\n<p>Lesy okolo Tisu u Blatna jsou p\u011bkn\u00e9, dob\u0159e pr\u016fb\u011b\u017en\u00e9 a nach\u00e1z\u00ed se v nich spousta kr\u00e1sn\u00fdch balvan\u016f.<\/p>\n","protected":false},"excerpt":{"rendered":"<p>Lesy okolo Tisu u Blatna jsou p\u011bkn\u00e9, dob\u0159e pr\u016fb\u011b\u017en\u00e9 a nach\u00e1z\u00ed se v nich spousta kr\u00e1sn\u00fdch balvan\u016f.<\/p>\n","protected":false},"author":2,"featured_media":0,"parent":57,"menu_order":0,"comment_status":"closed","ping_status":"closed","template":"","meta":{"footnotes":""},"class_list":["post-61","page","type-page","status-publish","hentry"],"_links":{"self":[{"href":"https:\/\/sk-praga.cz\/zavody\/tis2022\/wp-json\/wp\/v2\/pages\/61","targetHints":{"allow":["GET"]}}],"collection":[{"href":"https:\/\/sk-praga.cz\/zavody\/tis2022\/wp-json\/wp\/v2\/pages"}],"about":[{"href":"https:\/\/sk-praga.cz\/zavody\/tis2022\/wp-json\/wp\/v2\/types\/page"}],"author":[{"embeddable":true,"href":"https:\/\/sk-praga.cz\/zavody\/tis2022\/wp-json\/wp\/v2\/users\/2"}],"replies":[{"embeddable":true,"href":"https:\/\/sk-praga.cz\/zavody\/tis2022\/wp-json\/wp\/v2\/comments?post=61"}],"version-history":[{"count":5,"href":"https:\/\/sk-praga.cz\/zavody\/tis2022\/wp-json\/wp\/v2\/pages\/61\/revisions"}],"predecessor-version":[{"id":254,"href":"https:\/\/sk-praga.cz\/zavody\/tis2022\/wp-json\/wp\/v2\/pages\/61\/revisions\/254"}],"up":[{"embeddable":true,"href":"https:\/\/sk-praga.cz\/zavody\/tis2022\/wp-json\/wp\/v2\/pages\/57"}],"wp:attachment":[{"href":"https:\/\/sk-praga.cz\/zavody\/tis2022\/wp-json\/wp\/v2\/media?parent=61"}],"curies":[{"name":"wp","href":"https:\/\/api.w.org\/{rel}","templated":true}]}}