{"id":202,"date":"2024-05-14T21:01:36","date_gmt":"2024-05-14T19:01:36","guid":{"rendered":"https:\/\/sk-praga.cz\/zavody\/cps2024\/?page_id=202"},"modified":"2024-05-14T21:01:36","modified_gmt":"2024-05-14T19:01:36","slug":"ztraty-a-nalezy","status":"publish","type":"page","link":"https:\/\/sk-praga.cz\/zavody\/cps2024\/ztraty-a-nalezy\/","title":{"rendered":"Ztr\u00e1ty a n\u00e1lezy"},"content":{"rendered":"\n<p>V\u011bci se nachaz\u00ed v s\u00eddle \u010cSOS, \u00a0Z\u00e1topkova 100\/2, P-6<\/p>\n\n\n\n<figure class=\"wp-block-image size-large\"><img loading=\"lazy\" decoding=\"async\" width=\"1024\" height=\"771\" src=\"https:\/\/sk-praga.cz\/zavody\/cps2024\/wp-content\/uploads\/2024\/05\/ztraty-a-nalezy-Bouchalka-1024x771.jpg\" alt=\"\" class=\"wp-image-200\" srcset=\"https:\/\/sk-praga.cz\/zavody\/cps2024\/wp-content\/uploads\/2024\/05\/ztraty-a-nalezy-Bouchalka-1024x771.jpg 1024w, https:\/\/sk-praga.cz\/zavody\/cps2024\/wp-content\/uploads\/2024\/05\/ztraty-a-nalezy-Bouchalka-300x226.jpg 300w, https:\/\/sk-praga.cz\/zavody\/cps2024\/wp-content\/uploads\/2024\/05\/ztraty-a-nalezy-Bouchalka-768x578.jpg 768w, https:\/\/sk-praga.cz\/zavody\/cps2024\/wp-content\/uploads\/2024\/05\/ztraty-a-nalezy-Bouchalka-1536x1156.jpg 1536w, https:\/\/sk-praga.cz\/zavody\/cps2024\/wp-content\/uploads\/2024\/05\/ztraty-a-nalezy-Bouchalka.jpg 1600w\" sizes=\"auto, (max-width: 1024px) 100vw, 1024px\" \/><\/figure>\n\n\n\n<figure class=\"wp-block-image size-large\"><img loading=\"lazy\" decoding=\"async\" width=\"1024\" height=\"1024\" src=\"https:\/\/sk-praga.cz\/zavody\/cps2024\/wp-content\/uploads\/2024\/05\/PHOTO-2024-05-14-10-55-23-1024x1024.jpg\" alt=\"\" class=\"wp-image-201\" srcset=\"https:\/\/sk-praga.cz\/zavody\/cps2024\/wp-content\/uploads\/2024\/05\/PHOTO-2024-05-14-10-55-23-1024x1024.jpg 1024w, https:\/\/sk-praga.cz\/zavody\/cps2024\/wp-content\/uploads\/2024\/05\/PHOTO-2024-05-14-10-55-23-300x300.jpg 300w, https:\/\/sk-praga.cz\/zavody\/cps2024\/wp-content\/uploads\/2024\/05\/PHOTO-2024-05-14-10-55-23-150x150.jpg 150w, https:\/\/sk-praga.cz\/zavody\/cps2024\/wp-content\/uploads\/2024\/05\/PHOTO-2024-05-14-10-55-23-768x768.jpg 768w, https:\/\/sk-praga.cz\/zavody\/cps2024\/wp-content\/uploads\/2024\/05\/PHOTO-2024-05-14-10-55-23-1536x1536.jpg 1536w, https:\/\/sk-praga.cz\/zavody\/cps2024\/wp-content\/uploads\/2024\/05\/PHOTO-2024-05-14-10-55-23.jpg 2048w\" sizes=\"auto, (max-width: 1024px) 100vw, 1024px\" \/><\/figure>\n","protected":false},"excerpt":{"rendered":"<p>V\u011bci se nachaz\u00ed v s\u00eddle \u010cSOS, \u00a0Z\u00e1topkova 100\/2, P-6<\/p>\n","protected":false},"author":1,"featured_media":0,"parent":0,"menu_order":0,"comment_status":"closed","ping_status":"closed","template":"","meta":{"footnotes":""},"class_list":["post-202","page","type-page","status-publish","hentry"],"_links":{"self":[{"href":"https:\/\/sk-praga.cz\/zavody\/cps2024\/wp-json\/wp\/v2\/pages\/202","targetHints":{"allow":["GET"]}}],"collection":[{"href":"https:\/\/sk-praga.cz\/zavody\/cps2024\/wp-json\/wp\/v2\/pages"}],"about":[{"href":"https:\/\/sk-praga.cz\/zavody\/cps2024\/wp-json\/wp\/v2\/types\/page"}],"author":[{"embeddable":true,"href":"https:\/\/sk-praga.cz\/zavody\/cps2024\/wp-json\/wp\/v2\/users\/1"}],"replies":[{"embeddable":true,"href":"https:\/\/sk-praga.cz\/zavody\/cps2024\/wp-json\/wp\/v2\/comments?post=202"}],"version-history":[{"count":1,"href":"https:\/\/sk-praga.cz\/zavody\/cps2024\/wp-json\/wp\/v2\/pages\/202\/revisions"}],"predecessor-version":[{"id":203,"href":"https:\/\/sk-praga.cz\/zavody\/cps2024\/wp-json\/wp\/v2\/pages\/202\/revisions\/203"}],"wp:attachment":[{"href":"https:\/\/sk-praga.cz\/zavody\/cps2024\/wp-json\/wp\/v2\/media?parent=202"}],"curies":[{"name":"wp","href":"https:\/\/api.w.org\/{rel}","templated":true}]}}